481 prime?
True
Is 55532777 prime?
True
Is 12421757 composite?
False
Is 25093423 a prime number?
False
Is 2220451 composite?
True
Is 123366821 a prime number?
True
Is 303354683 composite?
True
Is 4435219 a prime number?
False
Is 9009835 a prime number?
False
Is 856277 a prime number?
True
Is 146723657 a prime number?
False
Is 122416631 composite?
False
Is 20472421 a prime number?
True
Is 71093747 a composite number?
True
Is 41934527 prime?
False
Is 2655397 prime?
True
Is 759071377 composite?
True
Is 28927111 a composite number?
False
Is 10471355 prime?
False
Is 52463401 composite?
False
Is 32167843 a prime number?
True
Is 162805363 prime?
False
Is 105068023 composite?
False
Is 14209451 a prime number?
True
Is 12897851 a composite number?
True
Is 626883391 composite?
False
Is 10709906 prime?
False
Is 396194443 a prime number?
False
Is 83724391 composite?
True
Is 18189299 prime?
True
Is 256826945 prime?
False
Is 8323213 prime?
True
Is 56216021 composite?
True
Is 539703013 composite?
False
Is 17510993 composite?
False
Is 29665223 a prime number?
False
Is 1329139 composite?
True
Is 16652093 composite?
True
Is 79176709 prime?
True
Is 105747289 composite?
True
Is 71364587 prime?
False
Is 1925254 prime?
False
Is 56370653 a composite number?
False
Is 33048839 composite?
True
Is 342157 a composite number?
True
Is 1344361 prime?
False
Is 273697973 a prime number?
True
Is 169529 composite?
True
Is 2510593 a composite number?
True
Is 156248969 composite?
False
Is 19375751 prime?
True
Is 330149 composite?
False
Is 72403 a composite number?
True
Is 452671 a composite number?
False
Is 996226229 a composite number?
False
Is 14095073 prime?
False
Is 22759459 a prime number?
False
Is 17510299 a prime number?
False
Is 445699103 composite?
False
Is 103497973 composite?
True
Is 28538483 a composite number?
False
Is 324673 composite?
False
Is 981403 composite?
True
Is 7405514 a prime number?
False
Is 1062893 a prime number?
False
Is 6359461 composite?
False
Is 218600011 prime?
False
Is 678941 composite?
False
Is 2433341 prime?
True
Is 6334162 prime?
False
Is 621287 a prime number?
False
Is 3383203 a prime number?
True
Is 7704911 prime?
True
Is 1253683 a prime number?
True
Is 5798687 a prime number?
False
Is 31649093 prime?
False
Is 109361845 prime?
False
Is 346850047 prime?
True
Is 25766047 a prime number?
True
Is 3323833 composite?
False
Is 583849621 a composite number?
False
Is 3556099 prime?
False
Is 743614021 a prime number?
True
Is 321550451 a prime number?
True
Is 59152867 prime?
False
Is 154534827 a prime number?
False
Is 2979731 prime?
True
Is 638567 a prime number?
True
Is 110701 composite?
True
Is 166131178 composite?
True
Is 4878149 composite?
False
Is 517393 a composite number?
False
Is 769173 a composite number?
True
Is 556477 composite?
False
Is 314997 a prime number?
False
Is 51228743 prime?
True
Is 12487133 a prime number?
True
Is 4588019 composite?
False
Is 8996797 prime?
True
Is 67729861 a prime number?
True
Is 38528921 a composite number?
True
Is 1354559 a prime number?
False
Is 14338783 composite?
False
Is 19633681 composite?
False
Is 682096699 a prime number?
False
Is 41997022 composite?
True
Is 418498 a composite number?
True
Is 1040981 prime?
True
Is 9901061 composite?
False
Is 60386251 prime?
False
Is 6933659 prime?
True
Is 216171211 a prime number?
True
Is 2527639 a prime number?
True
Is 15282107 composite?
False
Is 14480459 a composite number?
True
Is 11081963 a prime number?
False
Is 3908221 composite?
True
Is 3588233 prime?
False
Is 12832147 a composite number?
False
Is 14547343 a prime number?
True
Is 4205497 prime?
False
Is 2513129 prime?
False
Is 1294585582 composite?
True
Is 6247433 composite?
False
Is 2406457 a composite number?
False
Is 41576077 composite?
True
Is 8414753 a composite number?
False
Is 369007 composite?
False
Is 100223187 prime?
False
Is 538567 a composite number?
False
Is 266141549 a prime number?
True
Is 4776313 prime?
True
Is 78514949 a prime number?
False
Is 23790167 a prime number?
True
Is 16433741 a prime number?
True
Is 25414561 a prime number?
False
Is 16317759 composite?
True
Is 767107279 a prime number?
False
Is 744975929 a composite number?
False
Is 249318671 a composite number?
True
Is 200321 composite?
True
Is 7637741 prime?
True
Is 85920673 composite?
True
Is 2259281 a composite number?
False
Is 96366313 prime?
True
Is 1651063961 prime?
False
Is 716731 prime?
True
Is 105031 a prime number?
True
Is 18012617 composite?
True
Is 352699 a prime number?
False
Is 1249926395 a composite number?
True
Is 3906137 a prime number?
True
Is 1864739 prime?
True
Is 2301361 composite?
False
Is 89229419 composite?
False
Is 7228369 a composite number?
True
Is 1868863 prime?
True
Is 141319477 a prime number?
False
Is 102163709 a composite number?
True
Is 39993859 composite?
False
Is 105351761 a composite number?
False
Is 152415059 prime?
False
Is 485263 composite?
False
Is 95361527 a prime number?
True
Is 15161435 prime?
False
Is 199702753 prime?
False
Is 75191169 a composite number?
True
Is 64561771 composite?
False
Is 39538203 a prime number?
False
Is 111259171 a composite number?
False
Is 63141718 a prime number?
False
Is 1850078 a composite number?
True
Is 108992407 composite?
False
Is 7728167 composite?
False
Is 3445787 prime?
True
Is 21701641 a composite number?
True
Is 2101289 a composite number?
True
Is 4026335 composite?
True
Is 159747843 a composite number?
True
Is 11161127 prime?
True
Is 5861266 a composite number?
True
Is 278432227 a prime number?
False
Is 32255567 prime?
True
Is 55856147 a prime number?
True
Is 9824183 prime?
True
Is 67300729 prime?
False
Is 1694081 a prime number?
True
Is 53636303 a composite number?
True
Is 9965071 composite?
False
Is 68028981 a composite number?
True
Is 13924147 composite?
True
Is 31124663 a prime number?
False
Is 701831 composite?
True
Is 197903774 a prime number?
False
Is 9552611 composite?
True
Is 8397439 a composite number?
True
Is 132386717 a prime number?
True
Is 1058983 prime?
True
Is 6127777 a composite number?
False
Is 540961 a prime number?
True
Is 52436299 composite?
False
Is 74905427 prime?
False
Is 2938519 a composite number?
True
Is 15696257 composite?
False
Is 44997754 a prime number?
False
Is 2154409 composite?
True
Is 14491853 prime?
False
Is 46850197 a prime number?
True
Is 14995831 prime?
True
Is 448951843 a prime number?
False
Is 2346847 composite?
False
Is 1991557 a composite number?
True
Is 27669983 a prime number?
False
Is 2177143 prime?
True
Is 9039551 composite?
False
Is 27307939 prime?
True
Is 175297883 a prime number?
True
Is 1452709 composite?
False
Is 2542817 a composite number?
False
Is 4688767 prime?
False
Is 8668849 prime?
False
Is 21501023 a prime number?
True
Is 10788307 a composite number?
False
Is 331491943 a composite number?
False
Is 34015573 composite?
False
Is 3732731 a prime number?
False
Is 1962857 a composite number?
True
Is 19902743 a composite number?
True
Is 67857511 composite?
False
Is 48888677 a composite number?
False
Is 102415997 prime?
False
Is 153488597 composite?
True
Is 16836823 prime?
False
Is 41181779 prime?
True
Is 11899207 prime?
False
Is 8484103 a prime number?
False
Is 1655417 a composite number?
True
Is 25545269 a composite number?
True
Is 5997781 a prime number?
True
Is 2706029 a composite number?
False
Is 3319559 a prime number?
False
Is 54103741 composite?
True
Is 9796249 a prime number?
False
Is 24523951 prime?
False
Is 24019133 prime?
False
Is 182377 prime?
False
Is 101219 a composite number?
True
Is 176031793 composite?
True
Is 68347001 a composite number?
False
Is 2738231 composite?
False
Is 1485929 a composite number?
True
Is 212143369 a prime number?
False
Is 8139059 composite?
False
Is 412362703 a composite number?
False
Is 11510687 composite?
False
Is 4130653 composite?
True
Is 1344617 a composite number?
True
Is 268149593 a composite number?
True
Is 1272806 a prime number?
False
Is 2215351 a composite number?
False
Is 3720767 a prime number?
True
Is 10871981 prime?
False
Is 305442421 a composite number?
False
Is 1449431 a composite number?
False
Is 199389689 prime?
False
Is 80315159 a prime number?
True
Is 18018373 composite?
False
Is 35279993 a composite number?
True
Is 3332957 a prime number?
Tru